 hundreds digit of 513?
5
What is the ten thousands digit of 23795?
2
What is the units digit of 2695?
5
What is the hundreds digit of 25367?
3
What is the thousands digit of 3875?
3
What is the tens digit of 2779?
7
What is the tens digit of 362?
6
What is the tens digit of 3498?
9
What is the units digit of 1717?
7
What is the hundreds digit of 122335?
3
What is the hundreds digit of 934?
9
What is the tens digit of 9396?
9
What is the ten thousands digit of 47612?
4
What is the tens digit of 25?
2
What is the tens digit of 29866?
6
What is the tens digit of 19028?
2
What is the ten thousands digit of 34713?
3
What is the hundreds digit of 3275?
2
What is the thousands digit of 1025?
1
What is the hundreds digit of 36667?
6
What is the hundreds digit of 12329?
3
What is the units digit of 400?
0
What is the tens digit of 21101?
0
What is the hundred thousands digit of 119227?
1
What is the units digit of 595?
5
What is the hundreds digit of 2360?
3
What is the tens digit of 1768?
6
What is the units digit of 31534?
4
What is the tens digit of 9949?
4
What is the tens digit of 24229?
2
What is the units digit of 127273?
3
What is the tens digit of 18946?
4
What is the tens digit of 47288?
8
What is the thousands digit of 55222?
5
What is the tens digit of 67577?
7
What is the thousands digit of 17576?
7
What is the thousands digit of 25841?
5
What is the hundreds digit of 625?
6
What is the units digit of 367?
7
What is the tens digit of 117446?
4
What is the units digit of 7885?
5
What is the thousands digit of 41620?
1
What is the ten thousands digit of 20022?
2
What is the units digit of 826?
6
What is the hundreds digit of 6648?
6
What is the tens digit of 1470?
7
What is the tens digit of 474?
7
What is the hundreds digit of 8157?
1
What is the hundreds digit of 2519?
5
What is the tens digit of 37855?
5
What is the units digit of 965?
5
What is the units digit of 4128?
8
What is the units digit of 7447?
7
What is the hundreds digit of 6921?
9
What is the tens digit of 13329?
2
What is the hundreds digit of 2248?
2
What is the units digit of 1160?
0
What is the units digit of 1106?
6
What is the hundreds digit of 1373?
3
What is the thousands digit of 5099?
5
What is the hundreds digit of 579?
5
What is the tens digit of 35982?
8
What is the tens digit of 34456?
5
What is the tens digit of 1062?
6
What is the hundreds digit of 35027?
0
What is the hundred thousands digit of 120672?
1
What is the tens digit of 2851?
5
What is the hundreds digit of 113527?
5
What is the hundreds digit of 919?
9
What is the tens digit of 150280?
8
What is the tens digit of 604?
0
What is the ten thousands digit of 20915?
2
What is the units digit of 83257?
7
What is the tens digit of 83650?
5
What is the tens digit of 9927?
2
What is the hundreds digit of 9913?
9
What is the ten thousands digit of 143063?
4
What is the thousands digit of 38901?
8
What is the units digit of 2291?
1
What is the tens digit of 13703?
0
What is the ten thousands digit of 19712?
1
What is the thousands digit of 76175?
6
What is the thousands digit of 32303?
2
What is the ten thousands digit of 23397?
2
What is the hundreds digit of 4498?
4
What is the units digit of 21156?
6
What is the hundreds digit of 406?
4
What is the thousands digit of 6510?
6
What is the units digit of 2794?
4
What is the tens digit of 699?
9
What is the thousands digit of 67530?
7
What is the tens digit of 3115?
1
What is the hundreds digit of 14689?
6
What is the tens digit of 27677?
7
What is the tens digit of 15840?
4
What is the thousands digit of 27961?
7
What is the hundreds digit of 61939?
9
What is the units digit of 6061?
1
What is the hundreds digit of 757?
7
What is the hundreds digit of 2838?
8
What is the thousands digit of 1331?
1
What is the tens digit of 13665?
6
What is the tens digit of 52479?
7
What is the hundreds digit of 933?
9
What is the tens digit of 22564?
6
What is the hundreds digit of 2789?
7
What is the hundreds digit of 24418?
4
What is the hundreds digit of 40993?
9
What is the ten thousands digit of 13346?
1
What is the units digit of 4675?
5
What is the tens digit of 4747?
4
What is the tens digit of 3401?
0
What is the hundreds digit of 468?
4
What is the tens digit of 8724?
2
What is the hundreds digit of 2556?
5
What is the thousands digit of 77951?
7
What is the tens digit of 959?
5
What is the tens digit of 2847?
4
What is the hundreds digit of 6840?
8
What is the units digit of 16307?
7
What is the units digit of 1187?
7
What is the tens digit of 5583?
8
What is the hundreds digit of 5121?
1
What is the thousands digit of 2201?
2
What is the tens digit of 38078?
7
What is the tens digit of 20938?
3
What is the units digit of 7259?
9
What is the tens digit of 334?
3
What is the units digit of 6428?
8
What is the units digit of 7035?
5
What is the tens digit of 18256?
5
What is the units digit of 63701?
1
What is the tens digit of 11514?
1
What is the thousands digit of 1548?
1
What is the units digit of 1902?
2
What is the thousands digit of 10676?
0
What is the units digit of 389?
9
What is the thousands digit of 3772?
3
What is the units digit of 40?
0
What is the thousands digit of 28259?
8
What is the hundreds digit of 6840?
8
What is the units digit of 7858?
8
What is the hundreds digit of 5561?
5
What is the units digit of 1818?
8
What is the tens digit of 9161?
6
What is the hundreds digit of 25328?
3
What is the units digit of 793?
3
What is the hundred thousands digit of 139428?
1
What is the thousands digit of 69428?
9
What is the ten thousands digit of 12462?
1
What is the thousands digit of 4604?
4
What is the tens digit of 2449?
4
What is the hundreds digit of 7657?
6
What is the units digit of 8915?
5
What is the hundred thousands digit of 118997?
1
What is the hundreds digit of 1423?
4
What is the tens digit of 316?
1
What is the hundreds digit of 733?
7
What is the units digit of 44333?
3
What is the tens digit of 342?
4
What is the thousands digit of 1421?
1
What is the tens digit of 2460?
6
What is the tens digit of 24397?
9
What is the tens digit of 81720?
2
What is the thousands digit of 10423?
0
What is the hundreds digit of 67914?
9
What is the units digit of 2876?
6
What is the hundreds digit of 1586?
5
What is the hundreds digit of 4720?
7
What is the units digit of 157106?
6
What is the thousands digit of 29649?
9
What is the units digit of 1411?
1
What is the tens digit of 290?
9
What is the thousands digit of 13479?
3
What is the tens digit of 48378?
7
What is the hundreds digit of 1166?
1
What is the hundreds digit of 3708?
7
What is the hundreds digit of 5545?
5
What is the ten thousands digit of 20234?
2
What is the tens digit of 75?
7
What is the tens digit of 53527?
2
What is the hundreds digit of 3066?
0
What is the hundreds digit of 4240?
2
What is the units digit of 5242?
2
What is the tens digit of 296?
9
What is the ten thousands digit of 59450?
5
What is the tens digit of 4157?
5
What is the tens digit of 301?
0
What is the ten thousands digit of 33823?
3
What is the units digit of 63436?
6
What is the hundreds digit of 1196?
1
What is the tens digit of 11300?
0
What is the thousands digit of 6223?
6
What is the thousands digit of 3614?
3
What is the units digit of 7162?
2
What is the hundreds digit of 10592?
5
What is the tens digit of 1438?
3
What is the units digit of 39382?
2
What is the thousands digit of 3516?
3
What is the thousands digit of 59820?
9
What is the thousands digit of 35650?
5
What is the units digit of 171313?
3
What is the hundreds digit of 42000?
0
What is the tens digit of 7711?
1
What is the ten thousands digit of 14723?
1
What is the tens digit of 14503?
0
What is the thousands digit of 37028?
7
What is the tens digit of 14?
1
What is the thousands digit of 1218?
1
What is the ten thousands digit of 146332?
4
What is the hundreds digit of 154?
1
What is the hundreds digit of 1983?
9
What is the hundreds digit of 106504?
5
What is the units digit of 495?
5
What is the tens digit of 112820?
2
What is the thousands digit of 16821?
6
What is the tens digit of 7637?
3
What is the thousands digit of 4798?
4
What is the hundreds digit of 7531?
5
What is the ten thousands digit of 66102?
6
What is the tens 